{"id":87,"date":"2015-11-04T16:29:39","date_gmt":"2015-11-04T15:29:39","guid":{"rendered":"http:\/\/localhost\/albeautour\/?page_id=87"},"modified":"2026-02-13T17:13:53","modified_gmt":"2026-02-13T16:13:53","slug":"section-marche-et-decouverte","status":"publish","type":"page","link":"https:\/\/albeautour.asso.st\/index.php\/nos-evenements\/section-marche-et-decouverte\/","title":{"rendered":"Section marche et d\u00e9couverte"},"content":{"rendered":"<div>\n<p><strong>Dimanche 8 mars 2026 \u00e0 Nantes<\/strong><\/p>\n<\/div>\n\n\n<\/p>\n<p>Bonjour \u00e0 tous,<\/p>\n<p>\n\n\n\n<\/p>\n<p>&nbsp;<\/p>\n<p>\n\n\n<p>Dimanche 8 mars d\u00e9part \u00e0 9h45 \u00e0 l&rsquo;arr\u00eat du tram \u00ab\u00a0Chantiers navals\u00a0\u00bb c\u00f4t\u00e9 nord du pont Anne de Bretagne.<\/p>\n<p>Si vous choisissez les transports en commun, busway Mara\u00eechers \u00e0 9h15.<\/p>\n<p>Si vous choisissez la voiture, le parking de la petite Hollande n&rsquo;est pas trop \u00e9loign\u00e9<\/p>\n<p>Nous filerons vers le bas du Parc de Proc\u00e9, puis place Zola par la rue Monte au ciel et retour par les ruelles vers la place Canclaux.<\/p>\n<p>&nbsp;<\/p>\n\n\n<\/p>\n<p>A dimanche.<\/p>\n<p>\n\n\n\n<\/p>\n<p>Yves<\/p>\n<p>&nbsp;<\/p>\n<\/div>\n\n<p><\/p>\n\n\n<p><\/p>\n\n\n<p><\/p>\n\n\n<p><\/p>\n\n\n<p><\/p>\n\n\n<p><\/p>\n\n\n<p><\/p>\n\n<p>&nbsp;<\/p>\n<p><strong><span style=\"color: #000000;\">Toujours vaillants, les marcheurs de l&rsquo;Amicale !<\/span><\/strong><\/p>\n<p style=\"text-align: justify;\">Amateurs de promenade, de nature, de d\u00e9couverte ou encore de convivialit\u00e9 rejoignez la section marche et d\u00e9couverte !<\/p>\n<p style=\"text-align: justify;\">Les marches ont lieu une fois par mois le dimanche matin (d\u00e9part \u00e0 9h45 ).<br \/>Accessible \u00e0 tous niveaux, les circuits d&rsquo;une dur\u00e9e de 2h sont pr\u00e9alablement exp\u00e9riment\u00e9s.<\/p>\n<p style=\"text-align: justify;\">La participation aux marches suppose l&rsquo;adh\u00e9sion \u00e0 l&rsquo;amicale la\u00efque et \u00e0 une assurance.<br \/>Les inscriptions se font avant le d\u00e9part de la marche et sur le lieu de rendez-vous.<\/p>\n<p>Adh\u00e9sion : 30 \u20ac \/ an<\/p>\n<p><strong>CALENDRIER pr\u00e9visionnel marches ALB 2025\/ 2026<\/strong><\/p>\n<p><strong>21 09 2025<\/strong> Vertou ? (9h30 inscriptions \u2013 9h45 d\u00e9part) (Christine ou Anne)<br \/><strong>12 10 2025<\/strong> (Fran\u00e7oise) ou Yves Lieu \u00e0 d\u00e9terminer<br \/><strong>16 11 2025<\/strong> (Eric) Lieu \u00e0 d\u00e9terminer<br \/><strong>14 12 2025<\/strong>\u00a0(Eric) Lieu \u00e0 d\u00e9terminer<br \/><strong>11 01<\/strong> <strong>2026<\/strong>(Yves) Lieu \u00e0 d\u00e9terminer<br \/><strong>08 02 2026<\/strong> (Guyl\u00e8ne) Lieu \u00e0 d\u00e9terminer<br \/><strong>08 03 2026<\/strong> (Eric) Lieu \u00e0 d\u00e9terminer<br \/><strong>29 03 2026<\/strong> (Erick) Lieu \u00e0 d\u00e9terminer<br \/><strong>03 05 2026<\/strong> (Fran\u00e7oise) Lieu \u00e0 d\u00e9terminer<br \/><strong>07 06 2026<\/strong> (Christine ou Anne) Lieu \u00e0 d\u00e9terminer<\/p>\n","protected":false},"excerpt":{"rendered":"<p>Dimanche 8 mars 2026 \u00e0 Nantes Bonjour \u00e0 tous, &nbsp; Dimanche 8 mars d\u00e9part \u00e0 9h45 \u00e0 l&rsquo;arr\u00eat du tram \u00ab\u00a0Chantiers navals\u00a0\u00bb c\u00f4t\u00e9 nord du pont Anne de Bretagne. Si vous choisissez les transports en commun, busway Mara\u00eechers \u00e0 9h15&#8230;. <a class=\"more-link\" href=\"https:\/\/albeautour.asso.st\/index.php\/nos-evenements\/section-marche-et-decouverte\/\">Continue Reading &rarr;<\/a><\/p>\n","protected":false},"author":1,"featured_media":0,"parent":23,"menu_order":0,"comment_status":"closed","ping_status":"closed","template":"","meta":{"footnotes":""},"class_list":["post-87","page","type-page","status-publish","hentry"],"_links":{"self":[{"href":"https:\/\/albeautour.asso.st\/index.php\/wp-json\/wp\/v2\/pages\/87","targetHints":{"allow":["GET"]}}],"collection":[{"href":"https:\/\/albeautour.asso.st\/index.php\/wp-json\/wp\/v2\/pages"}],"about":[{"href":"https:\/\/albeautour.asso.st\/index.php\/wp-json\/wp\/v2\/types\/page"}],"author":[{"embeddable":true,"href":"https:\/\/albeautour.asso.st\/index.php\/wp-json\/wp\/v2\/users\/1"}],"replies":[{"embeddable":true,"href":"https:\/\/albeautour.asso.st\/index.php\/wp-json\/wp\/v2\/comments?post=87"}],"version-history":[{"count":45,"href":"https:\/\/albeautour.asso.st\/index.php\/wp-json\/wp\/v2\/pages\/87\/revisions"}],"predecessor-version":[{"id":1321,"href":"https:\/\/albeautour.asso.st\/index.php\/wp-json\/wp\/v2\/pages\/87\/revisions\/1321"}],"up":[{"embeddable":true,"href":"https:\/\/albeautour.asso.st\/index.php\/wp-json\/wp\/v2\/pages\/23"}],"wp:attachment":[{"href":"https:\/\/albeautour.asso.st\/index.php\/wp-json\/wp\/v2\/media?parent=87"}],"curies":[{"name":"wp","href":"https:\/\/api.w.org\/{rel}","templated":true}]}}